{"id":647,"date":"2022-03-10T17:27:15","date_gmt":"2022-03-10T16:27:15","guid":{"rendered":"http:\/\/www.koomi.fr\/?page_id=647"},"modified":"2022-03-10T17:27:15","modified_gmt":"2022-03-10T16:27:15","slug":"exposition-a-la-bouille-2022","status":"publish","type":"page","link":"https:\/\/www.koomi.fr\/index.php\/exposition-a-la-bouille-2022\/","title":{"rendered":"Exposition \u00e0 La Bouille &#8211; 2022"},"content":{"rendered":"\n<p>Dans le cadre du 14e salon de la sculpture de La Bouille, qui se tiendra du 18 au 27 mars prochain,  KOOMI pr\u00e9sentera quelques unes de ses \u0153uvres au Grenier \u00e0 Sel.<br><br>L&rsquo;espace accueillera le public chaque jour de 14h30 \u00e0 18h30, hormis le lundi 21 et mardi 22 mars 2022.<br><br>L&rsquo;inauguration se fera le 18 mars \u00e0 partir de 18h.<br><br>L&rsquo;entr\u00e9e \u00e0 l&rsquo;exposition est libre.<br><br>Pour plus d&rsquo;information, suivez le lien : <a rel=\"noreferrer noopener\" href=\"http:\/\/www.labouille.fr\/node\/623\" target=\"_blank\">14e salon de la sculpture<\/a> de La Bouille.<br><br>Pour vous rendre sur place, cliquez sur le lien ci-apr\u00e8s<br><a rel=\"noreferrer noopener\" href=\"http:\/\/www.labouille.fr\/decouvrir\/situation-et-acces\" target=\"_blank\">Le Grenier \u00e0 Sel &#8211; La Bouille<\/a><br><\/p>\n\n\n\n<p>Grenier \u00e0 Sel \u2013 rue du Colonel P\u00e9rin<a href=\"https:\/\/www.google.com\/maps\/place\/Grenier+%C3%A0+Sel\/@49.3525637,0.9265278,17z\/data=!3m1!4b1!4m5!3m4!1s0x47e11da0815226c3:0xea301e23ac606133!8m2!3d49.3525662!4d0.9287243\" target=\"_blank\" rel=\"noreferrer noopener\"><br>76530 &#8211; La Bouille<\/a><\/p>\n","protected":false},"excerpt":{"rendered":"<p>Dans le cadre du 14e salon de la sculpture de La Bouille, qui se tiendra du 18 au 27 mars prochain, KOOMI pr\u00e9sentera quelques unes de ses \u0153uvres au Grenier \u00e0 Sel. L&rsquo;espace accueillera le public chaque jour de 14h30 \u00e0 18h30, hormis le lundi 21 et mardi 22 mars 2022. L&rsquo;inauguration se fera le [&hellip;]<\/p>\n","protected":false},"author":1,"featured_media":0,"parent":0,"menu_order":0,"comment_status":"closed","ping_status":"closed","template":"","meta":[],"_links":{"self":[{"href":"https:\/\/www.koomi.fr\/index.php\/wp-json\/wp\/v2\/pages\/647"}],"collection":[{"href":"https:\/\/www.koomi.fr\/index.php\/wp-json\/wp\/v2\/pages"}],"about":[{"href":"https:\/\/www.koomi.fr\/index.php\/wp-json\/wp\/v2\/types\/page"}],"author":[{"embeddable":true,"href":"https:\/\/www.koomi.fr\/index.php\/wp-json\/wp\/v2\/users\/1"}],"replies":[{"embeddable":true,"href":"https:\/\/www.koomi.fr\/index.php\/wp-json\/wp\/v2\/comments?post=647"}],"version-history":[{"count":3,"href":"https:\/\/www.koomi.fr\/index.php\/wp-json\/wp\/v2\/pages\/647\/revisions"}],"predecessor-version":[{"id":650,"href":"https:\/\/www.koomi.fr\/index.php\/wp-json\/wp\/v2\/pages\/647\/revisions\/650"}],"wp:attachment":[{"href":"https:\/\/www.koomi.fr\/index.php\/wp-json\/wp\/v2\/media?parent=647"}],"curies":[{"name":"wp","href":"https:\/\/api.w.org\/{rel}","templated":true}]}}